 digit of 8/((-64)/q)*(-10)/1?
5
Let p(y) = y**3 + 38*y**2 + 2*y + 80. Let b be p(-38). Suppose -b*a - 3*j = -5275, 2*j = 3*a + a - 5290. What is the thousands digit of a?
1
Suppose 0 = -8*o + 4*o + 5*v - 5, 10 = o + v. Suppose -o*m + 14 = -6. Suppose -m*p = -4, 71 = 4*b - 3*b - 3*p. What is the tens digit of b?
7
Suppose -45*n - 20*n = -92*n + 427167. What is the ten thousands digit of n?
1
What is the thousands digit of (-110619)/(-2) - (-47)/94?
5
Let p(o) be the second derivative of 0 + 1/4*o**4 + 2/3*o**3 - 11/2*o**2 - 11*o. What is the tens digit of p(-9)?
9
Let d = -29442 - -80921. What is the tens digit of d?
7
Let i = -7125 - -15930. What is the hundreds digit of i?
8
Suppose -5*v - 2*n + 160 = 0, 10*v - 4*n - 130 = 5*v. Suppose 57*g - v*g - 38502 = 0. What is the thousands digit of g?
1
Suppose 1 = -u - 5*v, 39 + 7 = 2*u - 2*v. Let q = u - 10. Suppose q*i = 14*i - 85. What is the tens digit of i?
1
Let v = -43 - -14. Let y = v + 31. Suppose 164 - 704 = -3*f + 3*t, -f + 186 = y*t. What is the units digit of f?
2
Let y(s) = 2*s - 20. Let l be y(12). Suppose -l*z - 2*z + 84 = 0. Let c = 173 - z. What is the units digit of c?
9
Let x(s) = -7 + 3*s**2 - 7*s**3 + 18*s**3 - 10*s**3 + 7*s. Let u be x(-8). Let b = -245 - u. What is the units digit of b?
8
Let h be -21 - (-5 - (-6 - 2)). What is the units digit of (7314/21 - -1) + h/84?
9
Suppose 2825 = 5*w - 5*c, -34*w + 3*c - 1160 = -36*w. What is the units digit of w?
1
Let u be (6/(-3) + 20)*6/(-9). Let m be (-400)/15*27/u. What is the units digit of 24/m + (-1014)/(-15) + 0?
8
Suppose -33*g + 564102 = 25*g + 219408. What is the hundreds digit of g?
9
What is the thousands digit of 4 + (4/6)/(-14 - (-4769760)/340695)?
7
Suppose 0 = -n - 28*n + 116. Suppose 0 = n*z + 48 - 760. What is the tens digit of z?
7
Suppose 3*t + 2*f = 3*f + 4, 6 = 4*t - f. Suppose 0*j + 96 = -t*j. Let a = 20 - j. What is the tens digit of a?
6
Let o(t) = 3*t**3 + 354*t**2 - 49*t - 526. What is the thousands digit of o(-118)?
5
Suppose -321144 + 3804 = -86*w + 260064. What is the tens digit of w?
1
Let l be 2/((-4)/15)*540/9. Let o = l + 1099. What is the units digit of o?
9
Let o be (7 - 2) + -9*(-154)/(-21). Let p be 3 - (-172 + (-6)/(-2)). Let a = p + o. What is the hundreds digit of a?
1
What is the hundreds digit of 73609 + 0 - (2 + (-180)/12)?
6
Let v(p) = 6*p - 61. Let d be v(11). Suppose -d*x = f + 190 - 1517, -8 = -4*f. What is the tens digit of x?
6
Let o be 136/(-14) - ((-240)/42 + 6). Let n = 253 + o. What is the units digit of n?
3
Let i(j) = 2*j**2 - 3 + 6*j**3 - 9*j**3 + 1 + 14*j**3 + 3*j. What is the units digit of i(2)?
0
Suppose 0*h - 4*j - 10 = -h, 0 = -h - j. Suppose -h*m - 791 = -5*b, m = 4*b - 3*m - 640. What is the tens digit of b?
5
Let l(x) = 25*x**2 + 88*x + 14. What is the units digit of l(-13)?
5
Suppose 6*a - 93740 = 10600. What is the hundreds digit of a?
3
Suppose 5164450 = 267*d - 4221104 - 2272734. What is the ten thousands digit of d?
4
What is the tens digit of ((-36)/(-66))/(87/1276) - -2*5477?
6
Let v(m) = 54*m**3 - 5*m**2 + 2*m - 3. Let y be v(4). Suppose 4*h - 2027 = -3*o, 5*o + 6*h - 2*h = y. What is the tens digit of o?
7
Suppose 0*j + 4*j + 12 = 0. Suppose -6*g - 1122 = -23*g. Let l = g + j. What is the tens digit of l?
6
Suppose 0*c - 5*c = 6*c. Suppose c = 26*d - 3*d - 5704. What is the units digit of d?
8
Let d = 20010 + -13804. Suppose d = 3*i + 2*i + 3*x, -3*i - 3*x + 3726 = 0. What is the tens digit of i?
4
Suppose 5*c - 174 = -2*d, -3*c - d + 72 = -33. Suppose -4*u - c = -4*i, -u = -0*i + 3*i - 3. What is the units digit of u/2*(-632)/12?
8
Let b = -15504 - -32292. What is the thousands digit of b?
6
Suppose 2*c + 2*c = 0. Suppose -7*l + 10*l - 30 = c. What is the units digit of 4/l + 901/85?
1
Let l(c) = -2*c**3 + 19*c**2 - 17*c - 9. Let o = -121 - -127. Let m(h) = h**3 - 9*h**2 + 8*h + 4. Let k(a) = o*l(a) + 11*m(a). What is the units digit of k(12)?
4
Let a be (1/(-1)*3)/(6/(-10)). Let g = a + 2. Let f(k) = 4*k**2 - 20*k - 5. What is the units digit of f(g)?
1
What is the units digit of (106/(-159))/(4/(-6402))?
7
Suppose 2*m - 1 = -2*z + 1, -5*z - 20 = 0. Let a(h) = 8*h**2 + 13*h - 31. Let i be a(m). What is the tens digit of (-30)/4*(i/(-30) + -3)?
8
Suppose 2*x - 5*b = 4, 6*b - 6 = -3*x + 10*b. Suppose -5*w - 648 = -5*o - x*w, 0 = w + 1. What is the tens digit of o?
2
Suppose 0*x + 7*x = 77. Let l = x + -8. Let o(v) = 25*v + 6. What is the tens digit of o(l)?
8
Suppose 0 = -5*a - 12 + 57. Suppose -a*o + 10*o + 2 = 0. Let n(p) = -9*p**3 - p**2. What is the units digit of n(o)?
8
Let m = -10362 - -21182. What is the hundreds digit of m?
8
Suppose -5*h + 3*u = 639, 5*u = 3*h - 6*h - 363. Let r = -92 - h. What is the tens digit of r?
3
Let y(j) = j**3 + 66*j**2 - 1115*j + 226. What is the hundreds digit of y(-66)?
8
What is the units digit of (-15 - (-869)/66)*-5034?
9
What is the ten thousands digit of (72/132 + 35/(-44))/((-2)/203096)?
2
Suppose -27*i = 3*i + 210. Let n(k) = -83*k - 68. What is the units digit of n(i)?
3
Suppose -4794 = -3*z - 560*o + 563*o, -2*z = 3*o - 3226. What is the units digit of z?
4
Let x(k) = k - 6. Let a(u) = 2*u - 12. Let b(r) = 2*a(r) - 5*x(r). Let t be b(-15). Suppose 0 = -24*n + t*n + 153. What is the units digit of n?
1
Let r(k) = -k**3 + 5*k**2 + 5*k + 3. Let p be (-13)/(-26) + (-22)/(-4). Let o be r(p). What is the tens digit of ((-6)/10)/(-1*o/(-105))?
2
Let h(q) = 4*q**2 + 26*q + 46. Let j(g) = -2*g**2 - 13*g - 23. Let o(p) = -4*h(p) - 9*j(p). What is the hundreds digit of o(7)?
2
Let o(t) = 123*t**2 + 21*t + 8. What is the thousands digit of o(-4)?
1
Suppose 0 = 2*w - 2*h - 60396, -3*w + 13*h + 90558 = 16*h. What is the hundreds digit of w?
1
Let q be 690/(-40)*(-8)/(-3). Let w = q - -116. Suppose 1114 = 6*v + w. What is the units digit of v?
4
Suppose -1966 + 738 = -51*r + 2393. What is the units digit of r?
1
Let a be 20*((-71)/(-4) - (4 + 2)). Let l = a - -269. What is the tens digit of l?
0
Let q = -256 - -138. Let a = q - -128. What is the tens digit of a?
1
Suppose -5*p + 15 = 0, 3*v - 6*v - 5*p + 27 = 0. Suppose -v*k = -0*k, k = -5*d - 40. What is the units digit of (-1 + -29)*(45/6 + d)?
5
Suppose -k = -3*k + i + 8, -2*k = i - 12. Let t be (-45)/(-2)*(-1 + k). Suppose 0*y + 9*y = t. What is the tens digit of y?
1
Let c be ((-285)/38)/(1/3522). What is the units digit of c/(-54) + (-5)/(-6)?
0
Let n be (-13426)/(-154) + 4/(-22) + 0. Suppose -n - 1428 = -15*l. What is the units digit of l?
1
Suppose -h + z = -1738, -h - h + 5*z + 3482 = 0. Suppose 3*m + 567 = s - 5, m - h = -3*s. What is the units digit of s?
8
Let m(i) = -i**3 + 28*i**2 + 20*i - 59. Suppose 0 = -3*l + 150 - 69. What is the thousands digit of m(l)?
1
Let h be 3/((-27)/(-6))*(-72)/(-16). Suppose -h*g = -98 + 2. Suppose 29*o + 132 = g*o. What is the units digit of o?
4
Let t(m) be the third derivative of -79*m**6/120 + 2*m**5/15 + 13*m**4/24 - m**3/2 + 15*m**2 + 3. What is the units digit of t(-2)?
5
Suppose -5*s - 3*v = -17, -4*v + 3 - 11 = -s. Suppose 3*z + z - 28 = 2*g, -s*z = 2*g + 44. Let j = 21 - g. What is the tens digit of j?
3
Let p(m) be the second derivative of m**5/20 - 5*m**4/6 - m**3/3 - 2*m**2 + 3*m + 22. What is the tens digit of p(11)?
9
Let s = -32429 - -47675. What is the ten thousands digit of s?
1
Suppose 88*p = 93*p - 755. Suppose -4*o + p = -3*n, 8*n - 146 = -4*o + 6*n. What is the units digit of o?
7
Let c(q) = -q**2 - 7*q - 8. Let l = -57 + 51. Let r be c(l). Let w(y) = 22*y**2 + 5*y + 6. What is the tens digit of w(r)?
8
Suppose 8*n - 23*n = 1560. Let y = -79 - n. Suppose y = 3*b - 5*w - 150, -3*b - 2*w + 182 = 0. What is the tens digit of b?
6
What is the thousands digit of (-1*2)/(53/(-426014))?
6
Let v be 5/(10/6) + -1. Let a be (-102)/(-8) - v/(-8). Suppose 0 = -16*r + a*r + 36. What is the tens digit of r?
1
Let j(x) = x**3 + 28*x**2 + 39*x + 51. Let d be j(-26). Let t = 190 + d. What is the hundreds digit of t?
5
Suppose -849 = -12*q + 15*q. Let g = 3 + -421. Let a = q - g. What is the hundreds digit of a?
1
Let u be (-2 - 0)*1/6*0. Let j(o) = o**2 - 2*o + 254. What is the hundreds digit of j(u)?
2
Suppose -107 = -12*i + 373. Suppose 0 = i*c - 44*c - 4. What is the tens digit of (1/(-2))/(c/30)?
1
Let q = -8877 + 14590.